. Suppose -4*l + u = 11*l. What is the tens digit of l?
6
What is the tens digit of (-87978)/(-4) + 28/(1960/105)?
9
Let w(k) = k - 1. Let r(u) = -7*u**2 - 10*u + 6. Let d(c) = -r(c) - 2*w(c). What is the units digit of d(-5)?
1
Let i(w) = 3978*w + 53. What is the ten thousands digit of i(3)?
1
Let g be 0/2 - (6 + -8). Suppose -9 + 15 = -g*s. What is the tens digit of 14/s*-21 - -1?
9
Let c(j) = j**2 - 19*j - 41. Let h be c(21). Let i be h + (2 - -302)/4. What is the tens digit of ((-12)/(-7))/(((-6)/i)/(-3))?
6
Suppose -26*h - 218022 = -55*h. What is the tens digit of h?
1
What is the tens digit of 1500256/176 + (-6)/33?
2
Suppose 12*c = -t + 8*c - 18, -12 = 4*c. Let w(j) = j**3 + 15*j**2 + 31*j - 3. What is the tens digit of w(t)?
3
Let c(r) = 91*r + 56. Let k be c(20). Suppose -k = -7*h + 2317. What is the hundreds digit of h?
5
Let g be 3 + ((-5)/(-3))/((-10)/(-630)). Suppose 9*j - 2*j = 0. Let a = j + g. What is the hundreds digit of a?
1
Let h be 6/8 + 1/4. Suppose 622*f + 24 = 598*f. What is the units digit of (-1 + 8)/(h + 1 + f)?
7
Suppose 0 = 27*w - 23*w - 10592. Let r = w + -1784. What is the tens digit of r?
6
Let q(w) = -w**2 + 12*w + 13. Let a be q(13). Let z(f) = -f**3 + 2*f**2 + 2*f + 876. What is the hundreds digit of z(a)?
8
Suppose 0*r - 3*r - 3*c = -2076, 0 = -2*r - 5*c + 1381. Suppose -r = -8*m + 1779. What is the tens digit of m?
0
Let v(m) = m**3 - 16*m**2 + 48*m + 6. Let c be 4*((-210)/12)/(-5). What is the units digit of v(c)?
6
Let y(j) = -96*j - 15. Let i be y(4). Let v = i + 984. What is the units digit of v?
5
Let a(f) = f**2 + 6*f - 2. Let r be a(-7). Let y(j) = 5*j**3 + 7*j**2 - 5*j - 6. What is the hundreds digit of y(r)?
7
Suppose -11*g + 110190 = 8*g - 28928. What is the tens digit of g?
2
What is the units digit of ((-2706696)/(-864))/((-6)/(-32))?
8
Suppose 5*w - 104096 = -6*s, 2*w = -2*s + 7277 + 34359. What is the thousands digit of w?
0
What is the units digit of (16216812/861 - (18/21 + -1)) + 3?
8
Let b(z) = -z**3 - 14*z**2 + 17*z + 30. Let c be b(-18). Let f = -98 + c. Suppose -n - g + 226 = 0, 4*n - 2*g = -0*n + f. What is the units digit of n?
9
Let h(l) = -4*l**3 + 1. Let c be h(1). Suppose 71 = 3*i + 5*d, -2*i + 24 = d - 14. What is the units digit of i + (-2 - (4 + c))?
4
Let p(c) = 9*c**2 + 29*c + 18. Let l(f) = -4*f**2 - 14*f - 9. Let v(r) = 7*l(r) + 3*p(r). Let a be v(-10). What is the units digit of 11/(66/240)*(a - -1)?
0
Let k = -183 - -85. Let s be (6/4)/(7/k). What is the tens digit of 28/s + 74/6?
1
Let m be (-3 - (-63)/14)*(-2536)/12. Let n = m + 936. What is the units digit of n?
9
Suppose 5*p - 58326 = 8*f, 29138 - 5774 = 2*p + f. What is the ten thousands digit of p?
1
Let k(v) = 309*v**2 - 4*v - 3. Let w = 130 - 131. What is the units digit of k(w)?
0
Let i(u) be the third derivative of 353*u**4/24 - 23*u**3/6 - u**2 - 54. What is the units digit of i(2)?
3
Suppose 4 = -8*u + 52. Suppose 0 = 3*h - u, h + 4*h + 35 = -3*d. What is the units digit of (282/(-10) - -5)/(6/d)?
8
Let d(k) = k**3 - 6*k**2 - k + 1. Let p be d(7). Suppose -2*h + 4*h = 5*o + 53, 3*o - 4*h + p = 0. What is the tens digit of (1 - o/(-5))/((-1)/70)?
5
Let w(l) = 16478*l - 148. Let d be w(4). Suppose 4*h = 45*h - d. What is the thousands digit of h?
1
Suppose -2*l + l - 2*w = -117, 5*w = 2*l - 216. Let x = l - 114. What is the tens digit of (((-16)/x)/(-1))/((-8)/12)?
2
Let n = 6510 - 5176. What is the thousands digit of n?
1
Let z(y) = -300*y - 64. What is the tens digit of z(-28)?
3
Let b be (-207)/1 + 10 + -9. Let q = b + 90. Let m = q + 215. What is the units digit of m?
9
What is the hundreds digit of 558/62 + 3 + 5007?
0
Let c(v) = 66*v + 30. Let p(o) = o + 1. Let d(y) = c(y) + 3*p(y). Let a be d(10). Suppose 4*b = -207 + a. What is the tens digit of b?
2
Let o(t) = 2*t**3 - 18*t**2 + 37*t + 29. Suppose -2*d + m = -20, -2*m + 32 = 5*d - 18. What is the units digit of o(d)?
9
Let b = 1128 - -230. What is the tens digit of b?
5
Suppose 4*c + 10 = 2*o, 7 - 1 = 2*o - 5*c. Suppose -o*j + 52 = -0*j. Suppose 0 = j*d - d + 2*n - 92, -5*d + 124 = -4*n. What is the tens digit of d?
2
Suppose 3*b + 2*j - 3437 = 0, -2*b + 9*j = 6*j - 2287. Suppose 4*p - 2099 = 3*s + b, -2*p + 2*s = -1624. What is the tens digit of p?
0
Let x be 0/(-5) - (-3 + -2). Suppose -x*f - 2*k - 3*k - 125 = 0, -165 = 5*f - 3*k. Let s = 100 + f. What is the units digit of s?
0
Suppose -3200 = -8*a - 160. Let s = a - -88. What is the hundreds digit of s?
4
Suppose 3*n = q + 3*q + 45, 2*n - 31 = 3*q. Let w = n - 8. Suppose 6*g = -w*g + 1827. What is the tens digit of g?
0
Let y = -392 + 344. Suppose 21 = h - 43. Let o = y + h. What is the units digit of o?
6
Suppose -5*t = 3*y - 414023, -3*t - 51*y = -47*y - 248416. What is the ten thousands digit of t?
8
Suppose 2*t = 5*a - 71982, -47*a + 46*a + 14364 = -4*t. What is the hundreds digit of a?
4
Let i(r) = 10*r**2 + 3*r + 529. What is the ten thousands digit of i(-35)?
1
Let s = -66 - -70. Suppose u + 11 + 6 = s*c, 4*u + 3 = 3*c. Suppose 5*m - 4*h - 510 = 0, 9*h = -5*m + c*h + 550. What is the hundreds digit of m?
1
Suppose 12*m - 433219 - 264628 = -75299. What is the units digit of m?
9
Suppose -5*r - 5*c = -64630, 4*c + 35 = 59. What is the ten thousands digit of r?
1
Let j(m) = 2*m**2 - 11*m - 49. Let u be j(8). Let t(z) = 9*z + 38. Let w(g) = 18*g + 76. Let s(c) = -13*t(c) + 6*w(c). What is the units digit of s(u)?
3
Suppose 4*l + 730 = -f, 5*f + l + 3688 = -0*f. Let x be f/63 - (2/(-7))/(-1). Let q = 63 - x. What is the units digit of q?
5
Suppose -170*s = -174*s + 508. Suppose -2*v + s = -2*w - 23, -72 = -v + 4*w. What is the units digit of v?
6
Let r = 1 - -4. Suppose r*i - 2 = -b, 3*i + 12 = -4*b - b. What is the hundreds digit of ((-16)/3 + 2)/(b/99)?
1
Suppose 11*a + 2682 = 73170. What is the thousands digit of a?
6
Suppose 5*n + 4058 = 3*n. Let q = -1443 - n. What is the units digit of q?
6
Let l(x) = -11*x - 16. Let h be l(-2). Let y(u) = -u**3 + 13*u**2 - 4*u - 2. What is the units digit of y(h)?
6
Let s(j) = j**3 + 20*j**2 - 6*j - 11. What is the units digit of s(-14)?
9
Suppose 0 = 15*w - 117216 - 30774. What is the tens digit of w?
6
Suppose -21*n + 280766 = 29270. What is the hundreds digit of n?
9
Let c = 62 + -126. What is the units digit of (c/12)/((-4)/18)?
4
Suppose p + 4*n = 107, p + 16 = 4*n + 147. Let o = 122 - p. Suppose 2090 = o*a + 8*a. What is the tens digit of a?
9
Let a be (5 - 3)*25/10. Suppose 3*x - 289 - 115 = 4*r, 4*x + a*r = 518. What is the hundreds digit of x?
1
Let x(u) = -14*u + 11. Let q be x(-4). Let p = q + -66. What is the units digit of 2/p + (76 - 5)?
3
Let k be (0 - -2)/4*20. Let t = k + -5. Suppose -t*z - 5*g = -3*z - 101, 305 = 5*z - 5*g. What is the tens digit of z?
5
Let c(b) = -2 + 3*b - 9 + 0*b. Let l be c(4). What is the tens digit of l/(304/(-308) + (1 - 0))?
7
Suppose -5*v + u - 10114 = 0, 7*u + 6054 = -3*v + 4*u. Let c = -1346 - v. What is the units digit of c?
6
Let p(u) = -10 - 70 + 135*u - 136. What is the thousands digit of p(11)?
1
Let g = 1912 + 20373. What is the units digit of g?
5
Let g(n) = -12*n**3 - 5*n - 2. Let u = 142 + -144. What is the hundreds digit of g(u)?
1
Suppose 43*b - 49*b = -1146. Suppose -3*a - b = -515. What is the units digit of a?
8
Let j = 532 + -439. Let r = 322 + j. What is the tens digit of r?
1
What is the units digit of (2*-57)/((-72)/(-20214))*(-6)/9?
7
Let s(x) = x**2 + 28*x + 30. Let y be s(-27). Suppose 2*b = y*b. What is the units digit of 3 + b - (-184 + 5)?
2
Let b be 6/(-10)*-5 + 2*1. Suppose -4*y + 4*w = -6*y + 194, 0 = b*y + w - 512. Let v = y + -67. What is the units digit of v?
6
Suppose 11*r = r + 4*r + 77898. What is the hundreds digit of r?
9
Let i(h) = h**3 + 3*h**2 - 3*h - 7. Let m be i(-4). Let q(x) = 25*x + 12. Let c(u) = 51*u + 25. Let w(l) = m*q(l) + 6*c(l). What is the hundreds digit of w(3)?
1
Let d = -419 - -705. Suppose 2*m + l - 77 = 0, 3*l + d = 5*m + 77. Let u = m + -20. What is the units digit of u?
0
Suppose -9*f - 2684 + 776 = 0. Let g = 3 + 3. What is the tens digit of f/g*(-60)/40?
5
Let y(b) = -365*b - 1212. What is the hundreds digit of y(-67)?
2
Suppose 41*v - 45*v + 16 = 0. Let f be (-847)/(-165) - (-4)/(-30). Suppose 0*m = v*m + 5*h - 454, 586 = f*m - 3*h. What is the u